tens digit of r?
3
Suppose -15*t - 24*t - 1716 = 0. Let g = 39 - -71. Let a = t + g. What is the tens digit of a?
6
Let o = 1842 + 429. What is the units digit of o?
1
Let l(x) = 50*x**2 + x - 3. Let t(o) = 50*o**2 + 2*o - 4. Let r(p) = 5*l(p) - 4*t(p). Let h be r(1). Let w = h - 13. What is the units digit of w?
5
Let d be ((-580)/80)/(1/4). Let y = 103 + d. What is the tens digit of y?
7
What is the units digit of (-5 - (-124)/8)*28/21?
4
Let q(c) = -25*c**3 - 5*c**2 + 4*c. Let k(s) = -24*s**3 - 4*s**2 + 3*s. Let w(n) = 4*k(n) - 3*q(n). Let j be w(1). What is the tens digit of -2*j/8*2?
1
Let v(n) be the third derivative of n**4/4 + 5*n**3/2 - 3*n**2. What is the units digit of v(13)?
3
Let c be 633/(-8) + 4/32. What is the units digit of c/(-3) - 8/24?
6
Suppose -10*t = -t - 117. Suppose -2498 + 535 = -t*n. What is the units digit of n?
1
Suppose -4*v - 2*w + 40 = -3*w, 4*w + 50 = 5*v. What is the units digit of (4/v)/((-15)/(-3225))?
6
Suppose -3*g - 2096 = -5*k, -k + 247 = -g - 171. What is the units digit of k?
1
Let j(v) = v**3 - 15*v**2 + 14*v + 24. Let t = 151 - 136. What is the hundreds digit of j(t)?
2
Let j = -101 - -103. What is the hundreds digit of ((-2136)/36)/(j/(-9))?
2
Let v be (2 + (-15)/10)*2. Let a(d) be the first derivative of 5*d**3/3 - d**2/2 - 1. What is the units digit of a(v)?
4
Suppose -o - 2*c = -2048, -79*c = -3*o - 81*c + 6160. What is the hundreds digit of o?
0
Suppose 16*s = 15*s - 8. Let z(c) = -10*c + 44. What is the tens digit of z(s)?
2
Let x(r) = -16 + 2 + 11*r + 3 - 1. What is the tens digit of x(4)?
3
Let s = 15 + 81. Let i = s + -16. What is the units digit of i?
0
Let s = -1026 - -1434. What is the units digit of s?
8
Suppose q = -2*q - 294. Let r = 144 + q. What is the units digit of r?
6
Suppose 0 = i - 5*z - 4, 5*i - 20 = -10*z + 5*z. Suppose -10 - 6 = -i*r. Suppose r*s = 3*s + 27. What is the tens digit of s?
2
Let o = -42 + 670. What is the units digit of o?
8
Suppose -4*u - 3924 = -9*u - 4*c, -3*u + c = -2368. What is the tens digit of u?
8
Let x be (-3 - 14/(-8))*-4. Suppose 3*p + 3 = -2*l, x*p + 54 - 5 = 4*l. What is the units digit of l?
6
Suppose 0 = -3*q - 2*d + 5*d + 1497, -4*q - 4*d = -1988. What is the units digit of q?
8
Let k(l) = 28*l - 8. Let q = 15 - 7. What is the tens digit of k(q)?
1
Let v(o) = -o**2 - 11*o + 276. Let m(k) = -k**2 - k. Let c(y) = -2*m(y) + v(y). What is the units digit of c(0)?
6
Suppose 3*j + 2*b - 2 = -2*j, -2*j = 3*b + 8. Suppose -3*n + 168 = 3*z, -z = 2*n + j*n - 47. What is the tens digit of z?
5
Let o be 1/5*1 - 11716/(-20). What is the tens digit of o/8 - 13/52?
7
Suppose -30*d - 10001 = -40721. What is the thousands digit of d?
1
Let x(q) be the first derivative of 3*q**2/2 + 16*q + 30. What is the tens digit of x(7)?
3
What is the tens digit of 18/(-12) + 2109/6?
5
Suppose -70*y + 64*y + 5358 = 0. What is the tens digit of y?
9
Suppose z = 5*l - 5, 2*z + 8*l = 4*l + 46. Suppose 0 = -6*y + z*y - 1809. What is the hundreds digit of y?
2
Let m = 11 - 6. Suppose -m*p + 15 = -0*p. What is the tens digit of (-235)/(-4) + p/12?
5
Let c(z) be the third derivative of 0 - 1/2*z**3 - 1/6*z**4 - 1/30*z**5 + 0*z + 1/120*z**6 - 5*z**2. What is the units digit of c(4)?
3
Let x(a) = 3*a - 1. Let n be x(1). Suppose -f - f = -n. Let u = f - 0. What is the units digit of u?
1
Let t(i) = i**2 - i. Let y be t(-1). Suppose 5*w + 30 + 41 = y*p, 0 = 2*p + 4*w - 62. What is the tens digit of p?
3
Let h(o) = 235*o + 27. Let g be h(5). Suppose 6*w - w - g = i, w - 4*i = 229. What is the tens digit of w?
4
Let c(j) = j**3 - 6*j**2 - 2*j + 779. What is the tens digit of c(0)?
7
Suppose -65 = 13*b + 3185. What is the units digit of b*(-2)/(-4)*-2?
0
Let s(b) = b - 25*b**3 + 10*b**2 - 19*b**2 + 3 + 10*b**2 - b**3. What is the units digit of s(-2)?
3
Suppose -4*q - 4*p = -119 - 1, -5*p + 25 = 0. Suppose -q = -o + 36. Suppose 5 = 2*i - o. What is the units digit of i?
3
Let h be 14/4 - 8/(-16). Suppose h*f + 61 + 27 = 0. What is the tens digit of 12*-2*f/12?
4
Suppose -4*r - 19 = 165. Let v = r - -79. Let h = 2 + v. What is the units digit of h?
5
Let g be 1 + 10 + (-4 - -2). Suppose -3*n + g = -240. Let w = n - 54. What is the units digit of w?
9
Let g = -118 - -167. Suppose 5*x - 25 = 0, g + 211 = s - 2*x. What is the units digit of s?
0
What is the hundreds digit of 2/7 + 23/(161/10218)?
4
Suppose u - 80*d = -84*d + 2485, 5006 = 2*u - d. What is the thousands digit of u?
2
Suppose 56840 = 36*f - f. What is the tens digit of f?
2
Suppose -2 = r, 0 = -19*m + 17*m + r + 2230. What is the units digit of m?
4
Let n be (-906)/102 + (-2)/17. What is the units digit of ((-24)/n)/((-8)/(-120))?
0
Let h be ((-6)/(-12)*-12)/(-2). Suppose -4*p = 2*x + 90, 5*p - 3*p + 5*x + 65 = 0. Let s = h - p. What is the tens digit of s?
2
Let d(o) = o**3 - 2*o**2 - 3*o - 7. Let p = -19 + 21. Suppose 20 = 5*k + 6*m - m, 0 = -p*m. What is the tens digit of d(k)?
1
Suppose 27*g - 35*g = -18848. What is the units digit of g?
6
What is the tens digit of (638/4)/((-207)/108 + 2)?
1
Suppose 3*g = -j - 103 + 776, -4*g - 3*j + 894 = 0. What is the hundreds digit of g?
2
Suppose -38*h + 33*h + 35 = 0. What is the hundreds digit of -1 - -277 - (h - 3)?
2
Let l be (15 - 7) + -1 - 2*1. Suppose -315 = -0*p - l*p. What is the units digit of p?
3
Let n = -4 - -8. Suppose 3*c + 78 = 9*c. Suppose -66 = -3*d + 3*o, -3*o = n*d + c - 108. What is the units digit of d?
3
Suppose 0 = -5*k + 179 + 221. Suppose -219 = 5*l + 3*q, 0 = 4*l + 3*q + 94 + k. Let r = -27 - l. What is the tens digit of r?
1
Let u be ((-25)/(-4))/((-15)/(-60)). Let v = 79 - u. What is the units digit of v?
4
Let i(n) = -2*n**2 + 5*n + 15. Let g(b) = b**2 - 1. Let y(p) = 3*g(p) + i(p). What is the units digit of y(-11)?
8
Let s(b) = -4*b + 6. Suppose 0*o = -o + 5. Let u be s(o). What is the tens digit of (-316)/u - 20/35?
2
Let f = -37 + 38. Let d(a) = 39*a**2 + 2*a - 3. What is the tens digit of d(f)?
3
Let w(n) = 5*n**2 - 34*n - 11. Let o be w(9). Suppose 6*v - 1168 = -o. What is the units digit of v?
0
Let y = -9 - -11. Suppose 3*f - y*h + 36 + 4 = 0, 2*f - h + 25 = 0. Let s(w) = -w**3 - 9*w**2 + 9*w - 4. What is the units digit of s(f)?
6
Suppose 4*b + 1702 = 2*v + 8*b, -b + 1693 = 2*v. What is the tens digit of v?
4
Let k(r) be the first derivative of 17/3*r**3 + 4 + 2*r - 1/4*r**4 + 0*r**2. What is the units digit of k(17)?
2
Let x be (4/(-6))/(5/(-105)). Let a = 9 + x. Suppose d - a - 5 = 0. What is the tens digit of d?
2
Let n be ((-24)/(-36))/(2/18). Let a(s) = s**2 + 5*s + 14. What is the units digit of a(n)?
0
Suppose 0*x + 10 = 5*x. What is the tens digit of x/(-4)*-8 + 76?
8
Let f be (-6)/8 + 11/4. Suppose 0*l = f*b + 5*l - 7, b + 5*l = 6. What is the units digit of (-2 - b - -17) + 1?
5
Let m = 18 + -18. Let d(l) = -2*l + 75. What is the tens digit of d(m)?
7
Suppose 5*x + 12*x - 8568 = 0. What is the tens digit of x?
0
Let z be ((-27)/(-2))/((-9)/132). Let n = -83 - z. What is the tens digit of n?
1
Let x be 9 + (0 - 0 - (-8)/(-2)). Suppose 1617 = x*k + 142. What is the units digit of k?
5
Suppose 0 = 8*c - 9*c - y + 174, -872 = -5*c - 3*y. What is the hundreds digit of c?
1
Suppose 126 = -0*w + 3*w. Let t = w - 84. What is the tens digit of (-1 + t)/(-1) + 0?
4
Suppose 5*t - 2*n - 33 = -6*n, 4*t - 14 = 3*n. Suppose -5*m + 5*k - 2 = 3, -2*k - 19 = t*m. What is the tens digit of (m - -6)*-4*-5?
6
Suppose 12*z - 140 = 10*z. Suppose z = k - 3*n, -2*n - 12 = 2*n. What is the units digit of k?
1
Let v(a) = -94*a + 263. What is the hundreds digit of v(-20)?
1
Let q = -156 + 329. What is the units digit of q?
3
Suppose 0*t + 3*t + 9 = 0, -2*v - 5*t = -141. Suppose 3*x - v = x. What is the tens digit of x?
3
Let w = 121 - 197. Let h = w - -129. What is the tens digit of h?
5
Let w = 383 + -243. What is the tens digit of w?
4
Let d(b) = -9*b - 4. Suppose -4*m - 1 = w, -5*w + 4 = -4*w - m. Suppose x + 31 = -5*n - 2*x, -3*x = w*n + 15. What is the units digit of d(n)?
8
Suppose -21*c + 47*c = 26364. What is the thousands digit of c?
1
Let b be (-10)/(-3) + (-13)/39. What is the units digit of ((-4)/(-8))/((b/(-172))/(-3))?
6
Let r = 19 - 51. Let i = r + 42. What is the tens digit of i?
1
Let k = 601 + -345. Suppose 5*x = -i + k, 3*i - 105 = -x - x. W